{"id":9554,"date":"2024-07-02T15:44:37","date_gmt":"2024-07-02T18:44:37","guid":{"rendered":"https:\/\/hncom.cl\/?page_id=9554"},"modified":"2024-10-08T08:59:50","modified_gmt":"2024-10-08T11:59:50","slug":"conectividad","status":"publish","type":"page","link":"https:\/\/hncom.cl\/index.php\/it-redes-y-seguridad\/conectividad\/","title":{"rendered":"Conectividad"},"content":{"rendered":"<section class=\"l-section wpb_row height_custom\"><div class=\"l-section-h i-cf\"><div class=\"g-cols vc_row via_grid cols_2 laptops-cols_inherit tablets-cols_inherit mobiles-cols_1 valign_top type_default stacking_default\"><div class=\"wpb_column vc_column_container txt-centrado\"><div class=\"vc_column-inner\"><div class=\"wpb_text_column us_custom_de69c693\"><div class=\"wpb_wrapper\"><h2><strong>Internet Dedicado a Empresa<\/strong><\/h2>\n<\/div><\/div><div class=\"w-separator size_small\"><\/div><div class=\"wpb_text_column us_custom_031668c7\"><div class=\"wpb_wrapper\"><p>Proveemos servicios de internet dedicado con alta velocidad y estabilidad, dise\u00f1ado espec\u00edficamente para empresas.<\/p>\n<\/div><\/div><\/div><\/div><div class=\"wpb_column vc_column_container\"><div class=\"vc_column-inner\"><div class=\"w-image us_custom_447bff20 align_none\"><div class=\"w-image-h\"><img decoding=\"async\" width=\"531\" height=\"306\" data-src=\"https:\/\/hncom.cl\/wp-content\/uploads\/2024\/07\/1545108503665.jpeg\" class=\"attachment-large size-large lazyload\" alt=\"\" data-srcset=\"https:\/\/hncom.cl\/wp-content\/uploads\/2024\/07\/1545108503665.jpeg 531w, https:\/\/hncom.cl\/wp-content\/uploads\/2024\/07\/1545108503665-300x173.jpeg 300w\" data-sizes=\"auto, (max-width: 531px) 100vw, 531px\" src=\"data:image\/svg+xml;base64,PHN2ZyB3aWR0aD0iMSIgaGVpZ2h0PSIxIiB4bWxucz0iaHR0cDovL3d3dy53My5vcmcvMjAwMC9zdmciPjwvc3ZnPg==\" style=\"--smush-placeholder-width: 531px; --smush-placeholder-aspect-ratio: 531\/306;\" \/><\/div><\/div><\/div><\/div><\/div><\/div><\/section><section class=\"l-section wpb_row us_custom_fe9ce664 hide_on_tablets hide_on_mobiles height_custom\" id=\"Vista-PC\"><div class=\"l-section-h i-cf\"><div class=\"g-cols vc_row via_grid cols_2 laptops-cols_inherit tablets-cols_inherit mobiles-cols_1 valign_top type_default stacking_default\"><div class=\"wpb_column vc_column_container\"><div class=\"vc_column-inner\"><div class=\"w-image us_custom_447bff20 align_none\"><div class=\"w-image-h\"><img decoding=\"async\" width=\"1024\" height=\"692\" data-src=\"https:\/\/hncom.cl\/wp-content\/uploads\/2024\/07\/Internet_2-1024x692.webp\" class=\"attachment-large size-large lazyload\" alt=\"\" data-srcset=\"https:\/\/hncom.cl\/wp-content\/uploads\/2024\/07\/Internet_2-1024x692.webp 1024w, https:\/\/hncom.cl\/wp-content\/uploads\/2024\/07\/Internet_2-300x203.webp 300w, https:\/\/hncom.cl\/wp-content\/uploads\/2024\/07\/Internet_2-1536x1038.webp 1536w, https:\/\/hncom.cl\/wp-content\/uploads\/2024\/07\/Internet_2-600x406.webp 600w, https:\/\/hncom.cl\/wp-content\/uploads\/2024\/07\/Internet_2.webp 1667w\" data-sizes=\"auto, (max-width: 1024px) 100vw, 1024px\" src=\"data:image\/svg+xml;base64,PHN2ZyB3aWR0aD0iMSIgaGVpZ2h0PSIxIiB4bWxucz0iaHR0cDovL3d3dy53My5vcmcvMjAwMC9zdmciPjwvc3ZnPg==\" style=\"--smush-placeholder-width: 1024px; --smush-placeholder-aspect-ratio: 1024\/692;\" \/><\/div><\/div><\/div><\/div><div class=\"wpb_column vc_column_container txt-centrado\"><div class=\"vc_column-inner\"><div class=\"wpb_text_column us_custom_de69c693\"><div class=\"wpb_wrapper\"><h2><strong>Internet Hogar<\/strong><\/h2>\n<\/div><\/div><div class=\"w-separator size_small\"><\/div><div class=\"wpb_text_column us_custom_031668c7\"><div class=\"wpb_wrapper\"><p>Ofrecemos soluciones de internet para el hogar, garantizando una conexi\u00f3n confiable y r\u00e1pida.<\/p>\n<\/div><\/div><\/div><\/div><\/div><\/div><\/section><section class=\"l-section wpb_row us_custom_fe9ce664 hide_on_default hide_on_laptops height_custom\" id=\"Vista-Movil\"><div class=\"l-section-h i-cf\"><div class=\"g-cols vc_row via_grid cols_2-1 laptops-cols_inherit tablets-cols_inherit mobiles-cols_1 valign_top type_default stacking_default\"><div class=\"wpb_column vc_column_container txt-centrado\"><div class=\"vc_column-inner\"><div class=\"wpb_text_column us_custom_de69c693\"><div class=\"wpb_wrapper\"><h2><strong>Internet Hogar<\/strong><\/h2>\n<\/div><\/div><div class=\"w-separator size_small\"><\/div><div class=\"wpb_text_column us_custom_432d3f53\"><div class=\"wpb_wrapper\"><p>Ofrecemos soluciones de internet para el hogar, garantizando una conexi\u00f3n confiable y r\u00e1pida.<\/p>\n<\/div><\/div><\/div><\/div><div class=\"wpb_column vc_column_container\"><div class=\"vc_column-inner\"><div class=\"w-image us_custom_447bff20 align_none\"><div class=\"w-image-h\"><img decoding=\"async\" width=\"1024\" height=\"692\" data-src=\"https:\/\/hncom.cl\/wp-content\/uploads\/2024\/07\/Internet_2-1024x692.webp\" class=\"attachment-large size-large lazyload\" alt=\"\" data-srcset=\"https:\/\/hncom.cl\/wp-content\/uploads\/2024\/07\/Internet_2-1024x692.webp 1024w, https:\/\/hncom.cl\/wp-content\/uploads\/2024\/07\/Internet_2-300x203.webp 300w, https:\/\/hncom.cl\/wp-content\/uploads\/2024\/07\/Internet_2-1536x1038.webp 1536w, https:\/\/hncom.cl\/wp-content\/uploads\/2024\/07\/Internet_2-600x406.webp 600w, https:\/\/hncom.cl\/wp-content\/uploads\/2024\/07\/Internet_2.webp 1667w\" data-sizes=\"auto, (max-width: 1024px) 100vw, 1024px\" src=\"data:image\/svg+xml;base64,PHN2ZyB3aWR0aD0iMSIgaGVpZ2h0PSIxIiB4bWxucz0iaHR0cDovL3d3dy53My5vcmcvMjAwMC9zdmciPjwvc3ZnPg==\" style=\"--smush-placeholder-width: 1024px; --smush-placeholder-aspect-ratio: 1024\/692;\" \/><\/div><\/div><\/div><\/div><\/div><\/div><\/section><section class=\"l-section wpb_row height_custom\"><div class=\"l-section-h i-cf\"><div class=\"g-cols vc_row via_grid cols_2 laptops-cols_inherit tablets-cols_inherit mobiles-cols_1 valign_top type_default stacking_default\"><div class=\"wpb_column vc_column_container txt-centrado\"><div class=\"vc_column-inner\"><div class=\"wpb_text_column us_custom_de69c693\"><div class=\"wpb_wrapper\"><h2><strong>Telefon\u00eda\u00a0IP<br \/>\n<\/strong><\/h2>\n<\/div><\/div><div class=\"w-separator size_small\"><\/div><div class=\"wpb_text_column us_custom_031668c7\"><div class=\"wpb_wrapper\"><p>Implementamos soluciones de telefon\u00eda IP que permiten comunicaciones claras y econ\u00f3micas.<\/p>\n<\/div><\/div><\/div><\/div><div class=\"wpb_column vc_column_container\"><div class=\"vc_column-inner\"><div class=\"w-image us_custom_447bff20 align_none\"><div class=\"w-image-h\"><img decoding=\"async\" width=\"1024\" height=\"858\" data-src=\"https:\/\/hncom.cl\/wp-content\/uploads\/2024\/07\/telefonia-ip-chile-1024x858.png\" class=\"attachment-large size-large lazyload\" alt=\"\" data-srcset=\"https:\/\/hncom.cl\/wp-content\/uploads\/2024\/07\/telefonia-ip-chile-1024x858.png 1024w, https:\/\/hncom.cl\/wp-content\/uploads\/2024\/07\/telefonia-ip-chile-300x251.png 300w, https:\/\/hncom.cl\/wp-content\/uploads\/2024\/07\/telefonia-ip-chile-600x503.png 600w, https:\/\/hncom.cl\/wp-content\/uploads\/2024\/07\/telefonia-ip-chile.png 1069w\" data-sizes=\"auto, (max-width: 1024px) 100vw, 1024px\" src=\"data:image\/svg+xml;base64,PHN2ZyB3aWR0aD0iMSIgaGVpZ2h0PSIxIiB4bWxucz0iaHR0cDovL3d3dy53My5vcmcvMjAwMC9zdmciPjwvc3ZnPg==\" style=\"--smush-placeholder-width: 1024px; --smush-placeholder-aspect-ratio: 1024\/858;\" \/><\/div><\/div><\/div><\/div><\/div><\/div><\/section>\n","protected":false},"excerpt":{"rendered":"Internet Dedicado a Empresa Proveemos servicios de internet dedicado con alta velocidad y estabilidad, dise\u00f1ado espec\u00edficamente para empresas. Internet Hogar Ofrecemos soluciones de internet para el hogar, garantizando una conexi\u00f3n confiable y r\u00e1pida. Internet Hogar Ofrecemos soluciones de internet para el hogar, garantizando una conexi\u00f3n confiable y r\u00e1pida. Telefon\u00eda\u00a0IP Implementamos soluciones de telefon\u00eda IP que...","protected":false},"author":3,"featured_media":9830,"parent":9399,"menu_order":0,"comment_status":"closed","ping_status":"closed","template":"","meta":{"footnotes":""},"class_list":["post-9554","page","type-page","status-publish","has-post-thumbnail","hentry"],"acf":[],"_links":{"self":[{"href":"https:\/\/hncom.cl\/index.php\/wp-json\/wp\/v2\/pages\/9554","targetHints":{"allow":["GET"]}}],"collection":[{"href":"https:\/\/hncom.cl\/index.php\/wp-json\/wp\/v2\/pages"}],"about":[{"href":"https:\/\/hncom.cl\/index.php\/wp-json\/wp\/v2\/types\/page"}],"author":[{"embeddable":true,"href":"https:\/\/hncom.cl\/index.php\/wp-json\/wp\/v2\/users\/3"}],"replies":[{"embeddable":true,"href":"https:\/\/hncom.cl\/index.php\/wp-json\/wp\/v2\/comments?post=9554"}],"version-history":[{"count":16,"href":"https:\/\/hncom.cl\/index.php\/wp-json\/wp\/v2\/pages\/9554\/revisions"}],"predecessor-version":[{"id":10118,"href":"https:\/\/hncom.cl\/index.php\/wp-json\/wp\/v2\/pages\/9554\/revisions\/10118"}],"up":[{"embeddable":true,"href":"https:\/\/hncom.cl\/index.php\/wp-json\/wp\/v2\/pages\/9399"}],"wp:featuredmedia":[{"embeddable":true,"href":"https:\/\/hncom.cl\/index.php\/wp-json\/wp\/v2\/media\/9830"}],"wp:attachment":[{"href":"https:\/\/hncom.cl\/index.php\/wp-json\/wp\/v2\/media?parent=9554"}],"curies":[{"name":"wp","href":"https:\/\/api.w.org\/{rel}","templated":true}]}}