{"id":9547,"date":"2024-07-02T15:34:37","date_gmt":"2024-07-02T18:34:37","guid":{"rendered":"https:\/\/hncom.cl\/?page_id=9547"},"modified":"2024-10-08T09:02:56","modified_gmt":"2024-10-08T12:02:56","slug":"redes","status":"publish","type":"page","link":"https:\/\/hncom.cl\/index.php\/it-redes-y-seguridad\/redes\/","title":{"rendered":"Redes"},"content":{"rendered":"<section class=\"l-section wpb_row txt-centrado height_custom\"><div class=\"l-section-h i-cf\"><div class=\"g-cols vc_row via_grid cols_2-1 laptops-cols_inherit tablets-cols_inherit mobiles-cols_1 valign_top type_default stacking_default\"><div class=\"wpb_column vc_column_container\"><div class=\"vc_column-inner\"><div class=\"wpb_text_column us_custom_de69c693\"><div class=\"wpb_wrapper\"><h2><strong>Plataforma Gesti\u00f3n Activos y Servicios de IT<\/strong><\/h2>\n<\/div><\/div><div class=\"w-separator size_small\"><\/div><div class=\"wpb_text_column us_custom_031668c7\"><div class=\"wpb_wrapper\"><h5 style=\"text-align: justify;\">Controla y maneja todos tus activos con nuestra plataforma de gesti\u00f3n de activos IT. Optimiza la administraci\u00f3n de recursos y servicios de IT para mejorar la eficiencia operativa.<\/h5>\n<\/div><\/div><\/div><\/div><div class=\"wpb_column vc_column_container\"><div class=\"vc_column-inner\"><div class=\"w-separator size_small\"><\/div><div class=\"w-vwrapper us_custom_6b16ffcd align_center valign_middle\"><div class=\"w-separator size_medium\"><\/div><div class=\"wpb_text_column\"><div class=\"wpb_wrapper\"><h6 style=\"text-align: center;\">Para m\u00e1s informaci\u00f3n<\/h6>\n<\/div><\/div><div class=\"w-btn-wrapper align_center\"><a class=\"w-btn us-btn-style_1\" href=\"https:\/\/www.radioservice.cl\/\"><span class=\"w-btn-label\">haz click aqu\u00ed<\/span><\/a><\/div><div class=\"w-separator size_medium\"><\/div><\/div><\/div><\/div><\/div><\/div><\/section><section class=\"l-section wpb_row us_custom_fe9ce664 height_custom\"><div class=\"l-section-h i-cf\"><div class=\"g-cols vc_row via_grid cols_2 laptops-cols_inherit tablets-cols_inherit mobiles-cols_1 valign_top type_default stacking_default\"><div class=\"wpb_column vc_column_container\"><div class=\"vc_column-inner\"><div class=\"w-image us_custom_447bff20 align_none\"><div class=\"w-image-h\"><img decoding=\"async\" width=\"1024\" height=\"1024\" data-src=\"https:\/\/hncom.cl\/wp-content\/uploads\/2024\/07\/Estructured_cabling_subsystems.svg\" class=\"attachment-large size-large lazyload\" alt=\"\" src=\"data:image\/svg+xml;base64,PHN2ZyB3aWR0aD0iMSIgaGVpZ2h0PSIxIiB4bWxucz0iaHR0cDovL3d3dy53My5vcmcvMjAwMC9zdmciPjwvc3ZnPg==\" style=\"--smush-placeholder-width: 1024px; --smush-placeholder-aspect-ratio: 1024\/1024;\" \/><\/div><\/div><\/div><\/div><div class=\"wpb_column vc_column_container txt-centrado\"><div class=\"vc_column-inner\"><div class=\"wpb_text_column us_custom_de69c693\"><div class=\"wpb_wrapper\"><h2><strong>Cableado Estructurado<\/strong><\/h2>\n<\/div><\/div><div class=\"w-separator size_small\"><\/div><div class=\"wpb_text_column us_custom_031668c7\"><div class=\"wpb_wrapper\"><p>Controla y maneja todos tus activos con nuestra plataforma de gesti\u00f3n de activos IT. Optimiza la administraci\u00f3n de recursos y servicios de IT para mejorar la eficiencia operativa.<\/p>\n<\/div><\/div><\/div><\/div><\/div><\/div><\/section><section class=\"l-section wpb_row txt-centrado hide_on_tablets hide_on_mobiles height_custom\" id=\"Vista-PC\"><div class=\"l-section-h i-cf\"><div class=\"g-cols vc_row via_grid cols_2 laptops-cols_inherit tablets-cols_inherit mobiles-cols_1 valign_top type_default stacking_default\"><div class=\"wpb_column vc_column_container txt-centrado\"><div class=\"vc_column-inner\"><div class=\"wpb_text_column us_custom_de69c693\"><div class=\"wpb_wrapper\"><h2><strong>Redes Wi-fi\u00a0Mesh\u00a0IOT<\/strong><\/h2>\n<\/div><\/div><div class=\"w-separator size_small\"><\/div><div class=\"wpb_text_column us_custom_031668c7\"><div class=\"wpb_wrapper\"><p>Instalamos redes\u00a0WiFi\u00a0Mesh\u00a0para IoT que proporcionan una cobertura amplia y estable para todos sus dispositivos conectados.<\/p>\n<\/div><\/div><\/div><\/div><div class=\"wpb_column vc_column_container\"><div class=\"vc_column-inner\"><div class=\"w-image us_custom_447bff20 align_none\"><div class=\"w-image-h\"><img decoding=\"async\" width=\"1024\" height=\"702\" data-src=\"https:\/\/hncom.cl\/wp-content\/uploads\/2024\/07\/1366_2000-1024x702.jpg\" class=\"attachment-large size-large lazyload\" alt=\"\" data-srcset=\"https:\/\/hncom.cl\/wp-content\/uploads\/2024\/07\/1366_2000-1024x702.jpg 1024w, https:\/\/hncom.cl\/wp-content\/uploads\/2024\/07\/1366_2000-300x206.jpg 300w, https:\/\/hncom.cl\/wp-content\/uploads\/2024\/07\/1366_2000-600x411.jpg 600w, https:\/\/hncom.cl\/wp-content\/uploads\/2024\/07\/1366_2000.jpg 1115w\" data-sizes=\"auto, (max-width: 1024px) 100vw, 1024px\" src=\"data:image\/svg+xml;base64,PHN2ZyB3aWR0aD0iMSIgaGVpZ2h0PSIxIiB4bWxucz0iaHR0cDovL3d3dy53My5vcmcvMjAwMC9zdmciPjwvc3ZnPg==\" style=\"--smush-placeholder-width: 1024px; --smush-placeholder-aspect-ratio: 1024\/702;\" \/><\/div><\/div><\/div><\/div><\/div><\/div><\/section><section class=\"l-section wpb_row txt-centrado hide_on_default hide_on_laptops height_custom\" id=\"Vista-Movil\"><div class=\"l-section-h i-cf\"><div class=\"g-cols vc_row via_grid cols_1-2 laptops-cols_inherit tablets-cols_inherit mobiles-cols_1 valign_top type_default stacking_default\"><div class=\"wpb_column vc_column_container\"><div class=\"vc_column-inner\"><div class=\"w-image us_custom_447bff20 align_none\"><div class=\"w-image-h\"><img decoding=\"async\" width=\"1024\" height=\"702\" data-src=\"https:\/\/hncom.cl\/wp-content\/uploads\/2024\/07\/1366_2000-1024x702.jpg\" class=\"attachment-large size-large lazyload\" alt=\"\" data-srcset=\"https:\/\/hncom.cl\/wp-content\/uploads\/2024\/07\/1366_2000-1024x702.jpg 1024w, https:\/\/hncom.cl\/wp-content\/uploads\/2024\/07\/1366_2000-300x206.jpg 300w, https:\/\/hncom.cl\/wp-content\/uploads\/2024\/07\/1366_2000-600x411.jpg 600w, https:\/\/hncom.cl\/wp-content\/uploads\/2024\/07\/1366_2000.jpg 1115w\" data-sizes=\"auto, (max-width: 1024px) 100vw, 1024px\" src=\"data:image\/svg+xml;base64,PHN2ZyB3aWR0aD0iMSIgaGVpZ2h0PSIxIiB4bWxucz0iaHR0cDovL3d3dy53My5vcmcvMjAwMC9zdmciPjwvc3ZnPg==\" style=\"--smush-placeholder-width: 1024px; --smush-placeholder-aspect-ratio: 1024\/702;\" \/><\/div><\/div><\/div><\/div><div class=\"wpb_column vc_column_container\"><div class=\"vc_column-inner\"><div class=\"wpb_text_column us_custom_de69c693\"><div class=\"wpb_wrapper\"><h2><strong>Redes Wi-fi\u00a0Mesh\u00a0IOT<\/strong><\/h2>\n<\/div><\/div><div class=\"w-separator size_small\"><\/div><div class=\"wpb_text_column us_custom_031668c7\"><div class=\"wpb_wrapper\"><p>Instalamos redes\u00a0WiFi\u00a0Mesh\u00a0para IoT que proporcionan una cobertura amplia y estable para todos sus dispositivos conectados.<\/p>\n<\/div><\/div><\/div><\/div><\/div><\/div><\/section><section class=\"l-section wpb_row us_custom_fe9ce664 txt-centrado height_custom\"><div class=\"l-section-h i-cf\"><div class=\"g-cols vc_row via_grid cols_2 laptops-cols_inherit tablets-cols_inherit mobiles-cols_1 valign_top type_default stacking_default\"><div class=\"wpb_column vc_column_container\"><div class=\"vc_column-inner\"><div class=\"w-image align_none\"><div class=\"w-image-h\"><img decoding=\"async\" width=\"640\" height=\"453\" data-src=\"https:\/\/hncom.cl\/wp-content\/uploads\/2024\/07\/LAN_WAN_scheme.svg.png\" class=\"attachment-large size-large lazyload\" alt=\"\" data-srcset=\"https:\/\/hncom.cl\/wp-content\/uploads\/2024\/07\/LAN_WAN_scheme.svg.png 640w, https:\/\/hncom.cl\/wp-content\/uploads\/2024\/07\/LAN_WAN_scheme.svg-300x212.png 300w, https:\/\/hncom.cl\/wp-content\/uploads\/2024\/07\/LAN_WAN_scheme.svg-600x425.png 600w\" data-sizes=\"auto, (max-width: 640px) 100vw, 640px\" src=\"data:image\/svg+xml;base64,PHN2ZyB3aWR0aD0iMSIgaGVpZ2h0PSIxIiB4bWxucz0iaHR0cDovL3d3dy53My5vcmcvMjAwMC9zdmciPjwvc3ZnPg==\" style=\"--smush-placeholder-width: 640px; --smush-placeholder-aspect-ratio: 640\/453;\" \/><\/div><\/div><\/div><\/div><div class=\"wpb_column vc_column_container txt-centrado\"><div class=\"vc_column-inner\"><div class=\"wpb_text_column us_custom_de69c693\"><div class=\"wpb_wrapper\"><h2><strong>Extensi\u00f3n de Redes<\/strong><\/h2>\n<\/div><\/div><div class=\"w-separator size_small\"><\/div><div class=\"wpb_text_column us_custom_031668c7\"><div class=\"wpb_wrapper\"><p>Ampliamos su red existente para cubrir nuevas \u00e1reas, mejorando la conectividad.<\/p>\n<\/div><\/div><\/div><\/div><\/div><\/div><\/section>\n","protected":false},"excerpt":{"rendered":"Plataforma Gesti\u00f3n Activos y Servicios de IT Controla y maneja todos tus activos con nuestra plataforma de gesti\u00f3n de activos IT. Optimiza la administraci\u00f3n de recursos y servicios de IT para mejorar la eficiencia operativa. Para m\u00e1s informaci\u00f3n haz click aqu\u00edCableado Estructurado Controla y maneja todos tus activos con nuestra plataforma de gesti\u00f3n de activos...","protected":false},"author":3,"featured_media":9831,"parent":9399,"menu_order":0,"comment_status":"closed","ping_status":"closed","template":"","meta":{"footnotes":""},"class_list":["post-9547","page","type-page","status-publish","has-post-thumbnail","hentry"],"acf":[],"_links":{"self":[{"href":"https:\/\/hncom.cl\/index.php\/wp-json\/wp\/v2\/pages\/9547","targetHints":{"allow":["GET"]}}],"collection":[{"href":"https:\/\/hncom.cl\/index.php\/wp-json\/wp\/v2\/pages"}],"about":[{"href":"https:\/\/hncom.cl\/index.php\/wp-json\/wp\/v2\/types\/page"}],"author":[{"embeddable":true,"href":"https:\/\/hncom.cl\/index.php\/wp-json\/wp\/v2\/users\/3"}],"replies":[{"embeddable":true,"href":"https:\/\/hncom.cl\/index.php\/wp-json\/wp\/v2\/comments?post=9547"}],"version-history":[{"count":12,"href":"https:\/\/hncom.cl\/index.php\/wp-json\/wp\/v2\/pages\/9547\/revisions"}],"predecessor-version":[{"id":10120,"href":"https:\/\/hncom.cl\/index.php\/wp-json\/wp\/v2\/pages\/9547\/revisions\/10120"}],"up":[{"embeddable":true,"href":"https:\/\/hncom.cl\/index.php\/wp-json\/wp\/v2\/pages\/9399"}],"wp:featuredmedia":[{"embeddable":true,"href":"https:\/\/hncom.cl\/index.php\/wp-json\/wp\/v2\/media\/9831"}],"wp:attachment":[{"href":"https:\/\/hncom.cl\/index.php\/wp-json\/wp\/v2\/media?parent=9547"}],"curies":[{"name":"wp","href":"https:\/\/api.w.org\/{rel}","templated":true}]}}