{"id":9383,"date":"2024-07-01T13:31:33","date_gmt":"2024-07-01T16:31:33","guid":{"rendered":"https:\/\/hncom.cl\/?page_id=9383"},"modified":"2024-07-15T14:39:28","modified_gmt":"2024-07-15T17:39:28","slug":"servicio-tecnico-de-radios","status":"publish","type":"page","link":"https:\/\/hncom.cl\/index.php\/radios\/servicio-tecnico-de-radios\/","title":{"rendered":"Servicio T\u00e9cnico de Radios"},"content":{"rendered":"<section class=\"l-section wpb_row height_auto\"><div class=\"l-section-h i-cf\"><div class=\"g-cols vc_row via_grid cols_1 laptops-cols_inherit tablets-cols_inherit mobiles-cols_1 valign_top type_default stacking_default\"><div class=\"wpb_column vc_column_container\"><div class=\"vc_column-inner\"><div class=\"w-separator size_medium\"><\/div><div class=\"wpb_text_column\"><div class=\"wpb_wrapper\"><h5 style=\"text-align: center;\">Brindamos soporte t\u00e9cnico especializado para la instalaci\u00f3n, configuraci\u00f3n y mantenimiento de sistemas de radio.<\/h5>\n<\/div><\/div><\/div><\/div><\/div><\/div><\/section><section class=\"l-section wpb_row height_custom\"><div class=\"l-section-h i-cf\"><div class=\"g-cols vc_row via_grid cols_2 laptops-cols_inherit tablets-cols_inherit mobiles-cols_1 valign_top type_default stacking_default\"><div class=\"wpb_column vc_column_container\"><div class=\"vc_column-inner\"><div class=\"w-iconbox iconpos_top style_default color_primary align_center\"><div class=\"w-iconbox-icon\" style=\"font-size:2rem;\"><i class=\"far fa-cogs\"><\/i><\/div><div class=\"w-iconbox-meta\"><h4 class=\"w-iconbox-title\">Programaciones<\/h4><div class=\"w-iconbox-text\"><p>Configuramos sus radios de acuerdo con requerimientos dentro del marco de la normativa Subtel.<\/p>\n<\/div><\/div><\/div><div class=\"w-separator size_medium\"><\/div><div class=\"w-iconbox iconpos_top style_default color_primary align_center\"><div class=\"w-iconbox-icon\" style=\"font-size:2rem;\"><i class=\"far fa-wrench\"><\/i><\/div><div class=\"w-iconbox-meta\"><h4 class=\"w-iconbox-title\">Reparaci\u00f3n<\/h4><div class=\"w-iconbox-text\"><p>Recupere el estado inicial de sus radios con repuestos y accesorios originales.<\/p>\n<\/div><\/div><\/div><div class=\"w-separator size_medium\"><\/div><div class=\"w-iconbox iconpos_top style_default color_primary align_center\"><div class=\"w-iconbox-icon\" style=\"font-size:2rem;\"><i class=\"material-icons\">new_releases<\/i><\/div><div class=\"w-iconbox-meta\"><h4 class=\"w-iconbox-title\">Instalaciones de Licencias<\/h4><div class=\"w-iconbox-text\"><p>Le ayudamos a instalar de manera correcta su licencia, para que pueda operar sin dificultades.<\/p>\n<\/div><\/div><\/div><\/div><\/div><div class=\"wpb_column vc_column_container\"><div class=\"vc_column-inner\"><div class=\"w-iconbox iconpos_top style_default color_primary align_center\"><div class=\"w-iconbox-icon\" style=\"font-size:2rem;\"><i class=\"far fa-tv\"><\/i><\/div><div class=\"w-iconbox-meta\"><h4 class=\"w-iconbox-title\">Actualizaciones del Firmware<\/h4><div class=\"w-iconbox-text\"><p>Mantenga sus equipos actualizados con las \u00faltimas versiones de firmware optimizando el funcionamiento de sus radios.<\/p>\n<\/div><\/div><\/div><div class=\"w-separator size_medium\"><\/div><div class=\"w-iconbox iconpos_top style_default color_primary align_center\"><div class=\"w-iconbox-icon\" style=\"font-size:2rem;\"><i class=\"material-icons\">settings<\/i><\/div><div class=\"w-iconbox-meta\"><h4 class=\"w-iconbox-title\">Ajuste de par\u00e1metros<\/h4><div class=\"w-iconbox-text\"><p>Optimice la potencia, sensibilidad, desviaci\u00f3n y frecuencias de error de sus equipos.<\/p>\n<\/div><\/div><\/div><div class=\"w-separator size_medium\"><\/div><div class=\"w-iconbox iconpos_top style_default color_primary align_center\"><div class=\"w-iconbox-icon\" style=\"font-size:2rem;\"><i class=\"far fa-star\"><\/i><\/div><div class=\"w-iconbox-meta\"><h4 class=\"w-iconbox-title\">Implementaci\u00f3n de equipos<\/h4><div class=\"w-iconbox-text\"><p>Realizamos instalaciones de equipos base, garantizando el correcto funcionamiento de ellos.<\/p>\n<\/div><\/div><\/div><\/div><\/div><\/div><\/div><\/section>\n","protected":false},"excerpt":{"rendered":"Brindamos soporte t\u00e9cnico especializado para la instalaci\u00f3n, configuraci\u00f3n y mantenimiento de sistemas de radio. ProgramacionesConfiguramos sus radios de acuerdo con requerimientos dentro del marco de la normativa Subtel. Reparaci\u00f3nRecupere el estado inicial de sus radios con repuestos y accesorios originales. new_releasesInstalaciones de LicenciasLe ayudamos a instalar de manera correcta su licencia, para que pueda operar...","protected":false},"author":3,"featured_media":9825,"parent":9353,"menu_order":0,"comment_status":"closed","ping_status":"closed","template":"","meta":{"footnotes":""},"class_list":["post-9383","page","type-page","status-publish","has-post-thumbnail","hentry"],"acf":[],"_links":{"self":[{"href":"https:\/\/hncom.cl\/index.php\/wp-json\/wp\/v2\/pages\/9383","targetHints":{"allow":["GET"]}}],"collection":[{"href":"https:\/\/hncom.cl\/index.php\/wp-json\/wp\/v2\/pages"}],"about":[{"href":"https:\/\/hncom.cl\/index.php\/wp-json\/wp\/v2\/types\/page"}],"author":[{"embeddable":true,"href":"https:\/\/hncom.cl\/index.php\/wp-json\/wp\/v2\/users\/3"}],"replies":[{"embeddable":true,"href":"https:\/\/hncom.cl\/index.php\/wp-json\/wp\/v2\/comments?post=9383"}],"version-history":[{"count":13,"href":"https:\/\/hncom.cl\/index.php\/wp-json\/wp\/v2\/pages\/9383\/revisions"}],"predecessor-version":[{"id":9799,"href":"https:\/\/hncom.cl\/index.php\/wp-json\/wp\/v2\/pages\/9383\/revisions\/9799"}],"up":[{"embeddable":true,"href":"https:\/\/hncom.cl\/index.php\/wp-json\/wp\/v2\/pages\/9353"}],"wp:featuredmedia":[{"embeddable":true,"href":"https:\/\/hncom.cl\/index.php\/wp-json\/wp\/v2\/media\/9825"}],"wp:attachment":[{"href":"https:\/\/hncom.cl\/index.php\/wp-json\/wp\/v2\/media?parent=9383"}],"curies":[{"name":"wp","href":"https:\/\/api.w.org\/{rel}","templated":true}]}}